base 14.
b8
-72 (base 11) to base 3
-2221
3 (base 14) to base 9
3
What is -a (base 13) in base 9?
-11
What is -11 (base 7) in base 4?
-20
Convert -140 (base 5) to base 8.
-55
What is 10 (base 5) in base 6?
5
64 (base 13) to base 7
145
Convert -1 (base 10) to base 16.
-1
Convert 48 (base 15) to base 14.
4c
What is -10 (base 3) in base 5?
-3
What is 0 (base 6) in base 4?
0
What is -1101 (base 3) in base 6?
-101
Convert 14 (base 6) to base 15.
a
Convert -14 (base 14) to base 10.
-18
What is -b (base 12) in base 3?
-102
Convert -3 (base 11) to base 8.
-3
Convert 104 (base 5) to base 16.
1d
-30 (base 11) to base 3
-1020
Convert 14 (base 13) to base 7.
23
Convert -12012 (base 3) to base 2.
-10001100
Convert -1010001 (base 2) to base 5.
-311
-22 (base 7) to base 16
-10
What is -1021 (base 4) in base 15?
-4d
What is 5 (base 10) in base 6?
5
Convert -2 (base 16) to base 14.
-2
What is 2 (base 8) in base 7?
2
What is 0 (base 11) in base 5?
0
What is 6 (base 14) in base 3?
20
4 (base 11) to base 9
4
What is -c (base 13) in base 14?
-c
What is -3e (base 16) in base 12?
-52
What is -123 (base 6) in base 13?
-3c
What is -1056 (base 7) in base 2?
-110000000
Convert 163 (base 7) to base 10.
94
-13 (base 12) to base 3
-120
10000111 (base 2) to base 16
87
What is -2 (base 16) in base 12?
-2
Convert 2 (base 15) to base 9.
2
Convert -7 (base 16) to base 10.
-7
16 (base 14) to base 5
40
-2240 (base 5) to base 16
-140
What is -10001 (base 2) in base 6?
-25
0 (base 13) to base 14
0
Convert 110 (base 11) to base 6.
340
-66 (base 12) to base 8
-116
What is -2 (base 10) in base 5?
-2
Convert 26 (base 14) to base 15.
24
Convert -11232 (base 4) to base 13.
-222
-136 (base 7) to base 2
-1001100
What is 7 (base 11) in base 6?
11
What is 42 (base 6) in base 7?
35
What is 4 (base 16) in base 3?
11
What is -100110011 (base 2) in base 3?
-102101
Convert 23 (base 5) to base 11.
12
Convert -6 (base 15) to base 16.
-6
Convert -7 (base 15) to base 6.
-11
44 (base 12) to base 10
52
-10 (base 11) to base 8
-13
-1 (base 10) to base 12
-1
23 (base 16) to base 14
27
1021 (base 3) to base 12
2a
What is -132 (base 4) in base 2?
-11110
Convert 1 (base 12) to base 9.
1
12 (base 10) to base 5
22
What is 454 (base 9) in base 11?
30a
What is 38 (base 9) in base 8?
43
-17 (base 12) to base 7
-25
122 (base 3) to base 6
25
-1 (base 13) to base 16
-1
-2 (base 10) to base 9
-2
Convert -12 (base 3) to base 4.
-11
Convert 3c (base 15) to base 16.
39
Convert -10 (base 6) to base 11.
-6
Convert -88 (base 10) to base 16.
-58
What is -5 (base 13) in base 4?
-11
Convert -119 (base 10) to base 14.
-87
What is -2 (base 3) in base 4?
-2
What is 50 (base 9) in base 11?
41
What is 1 (base 5) in base 12?
1
What is -5 (base 8) in base 14?
-5
What is -5 (base 15) in base 8?
-5
What is 11000110 (base 2) in base 11?
170
1a (base 13) to base 5
43
What is -b (base 12) in base 13?
-b
60 (base 15) to base 4
1122
What is 2 (base 6) in base 13?
2
Convert -2 (base 5) to base 4.
-2
What is 1112 (base 3) in base 8?
51
Convert 1251 (base 6) to base 7.
634
47 (base 11) to base 3
1220
Convert 49 (base 12) to base 9.
63
Convert 324 (base 7) to base 6.
433
What is 1 (base 4) in base 15?
1
Convert 6 (base 7) to base 15.
6
What is -a (base 16) in base 3?
-101
Convert -2 (base 16) to base 2.
-10
e (base 16) to base 4
32
-12 (base 11) to base 4
-31
Convert -24 (base 16) to base 7.
-51
Convert 1 (base 9) to base 13.
1
Convert 1a7 (base 11) to base 13.
154
What is -9 (base 14) in base 9?
-10
What is -e (base 16) in base 3?
-112
4 (base 14) to base 6
4
Convert 412 (base 5) to base 2.
1101011
-4 (base 16) to base 15
-4
What is 6 (base 8) in base 7?
6
Convert 112 (base 5) to base 9.
35
Convert -122 (base 5) to base 3.
-1101
-a (base 11) to base 8
-12
1010 (base 4) to base 14
4c
What is 125 (base 11) in base 16?
94
What is 1111 (base 2) in base 10?
15
Convert -1 (base 4) to base 2.
-1
What is -100111 (base 2) in base 11?
-36
Convert 1 (base 2) to base 13.
1
Convert 3 (base 12) to base 10.
3
a (base 11) to base 6
14
What is -3 (base 14) in base 16?
-3
13 (base 10) to base 3
111
Convert -1000 (base 2) to base 15.
-8
-8 (base 10) to base 8
-10
-c (base 14) to base 3
-110
What is 2322 (base 4) in base 12?
136
6 (base 9) to base 11
6
What is 1041 (base 5) in base 15?
9b
-2a (base 12) to base 3
-1021
0 (base 8) to base 6
0
7 (base 16) to base 6
11
23 (base 8) to base 2
10011
What is 5 (base 11) in base 6?
5
6 (base 13) to base 6
10
Convert 2 (base 11) to base 15.
2
343 (base 5) to base 16
62
1013 (base 4) to base 8
107
-14 (base 8) to base 15
-c
What is -3 (base 14) in base 16?
-3
Convert -5 (base 15) to base 14.
-5
Convert 82 (base 13) to base 12.
8a
112 (base 4) to base 3
211
What is 5 (base 15) in base 10?
5
Convert -101010 (base 2) to base 16.
-2a
Convert -61 (base 10) to base 11.
-56
Convert 3 (base 15) to base 5.
3
202 (base 12) to base 14
16a
What is 1012 (base 3) in base 16?
20
What is -25 (base 8) in base 5?
-41
What is 226 (base 11) in base 8?
416
Convert -332 (base 4) to base 8.
-76
What is -101 (base 10) in base 8?
-145
What is 2 (base 7) in base 5?
2
What is -1 (base 4) in base 6?
-1
What is 7e (base 16) in base 14?
90
What is -152 (base 6) in base 10?
-68
Convert -41 (base 5) to base 3.
-210
Convert -45 (base 7) to base 9.
-36
-20 (base 3) to base 13
-6
-6b (base 15) to base 4
-1211
What is -4 (base 7) in base 12?
-4
What is -333 (base 4) in base 5?
-223
What is -7 (base 12) in base 2?
-111
Convert 21 (base 4) to base 14.
9
Convert 77 (base 11) to base 7.
150
What is 118 (base 9) in base 12?
82
12 (base 9) to base 11
10
Convert -1 (base 5) to base 15.
-1
What is -2 (base 5) in base 3?
-2
-5 (base 9) to base 13
-5
18 (base 9) to base 12
15
What is 5 (base 7) in base 5?
10
What is -5 (base 16) in base 10?
-5
What is 19 (base 12) in base 11?
1a
Convert -101000 (base 2) to base 5.
-130
148 (base 9) to base 5
1000
Convert -31 (base 5) to base 15.
-11
What is -150 (base 9) in base 7?
-240
-12 (base 10) to base 16
-c
Convert -10 (base 7) to base 13.
-7
Convert -1023 (base 5) to base 9.
-163
What is -2 (base 9) in base 2?
-10
What is 1010 (base 2) in base 5?
20
64 (base 13) to base 4
1102
What is 1 (base 4) in base 9?
1
Convert -1022 (base 4) to base 9.
-82
22 (base 3) to base 15
8
What is 62 (base 16) in base 10?
98
3 (base 11) to base 14
3
Convert -1 (base 7) to base 15.
-1
-12 (base 10) to base 13
-c
What is 10310 (base 4) in base 14?
180
-122 (base 7) to base 15
-45
What is 2 (base 3) in base 10?
2
Convert 3 (base 10) to base 7.
3
Convert -101 (base 4) to base 6.
-25
What is -2113 (base 5) in base 16?
-11b
What is 3 (base 10) in base 16?
3
Convert 117 (base 8) to base 5.
304
Convert -103 (base 4) to base 16.
-13
What is 1 (base 5) in base 14?
1
What is -43 (base 8) in base 2?
-100011
1 (base 4) to base 9
1
What is 1 (base 9) in base 14?
1
Convert -10 (base 13) to base 2.
-1101
19 (base 14) to base 12
1b
What is -10032 (base 4) in base 9?
-330
What is -22 (base 5) in base 11?
-11
-5 (base 8) to base 16
-5
Convert 5 (base 7) to base 4.
11
What is -6 (base 11) in base 3?
-20
0 (base 8) to base 9
0
Convert -1111010 (base 2) to base 6.
-322
14 (base 5) to base 11
9
Convert -12 (base 3) to base 13.
-5
Convert 12 (base 5) to base 8.
7
-55 (base 12) to base 16
-41
Convert -11 (base 6) to base 2.
-111
Convert -430 (base 5) to base 13.
-8b
What is -35 (base 16) in base 8?
-65
-5 (base 14) to base 5
-10
Convert -49 (base 12) to base 11.
-52
Convert -1000 (base 2) to base 12.
-8
Convert -31 (base 4) to base 9.
-14
What is 1 (base 14) in base 12?
1
Convert 8 (base 11) to base 4.
20
Convert -5 (base 12) to base 15.
-5
4 (base 15) to base 14
4
1121 (base 3) to base 15
2d
-7 (base 9) to base 4
-13
Convert 21 (base 6) to base 13.
10
-8 (base 12) to base 14
-8
Convert -3 (base 4) to base 14.
-3
Convert -a (base 13) to base 5.
-20
101101 (base 2) to base 13
36
Convert 5 (base 7) to base 6.
5
What is ea (base 15) in base 13?
13c
Convert -224 (base 7) to base 10.
-116
Convert -4 (base 6) to base 4.
-10
0 (base 5) to base 11
0
What is 84 (base 9) in base 4?
1030
Convert 102 (base 6) to base 8.
46
Convert 101 (base 8) to base 4.
1001
-2 (base 6) to base 16
-2
6 (base 15) to base 6
10
Convert b (base 13) to base 4.
23
Convert -6 (base 7) to base 2.
-11